Determine k(-6).
65
Let u(w) = 22*w + 99. What is u(-5)?
-11
Let u(z) = -8*z - 42. Determine u(-6).
6
Let c(n) = n**2 + 5*n + 2. Give c(-7).
16
Let l(f) = 3*f + 24. Calculate l(3).
33
Let a(y) = y + 1. Give a(8).
9
Let y(x) = x**2 - 5*x - 41. What is y(6)?
-35
Let m(g) = 2*g + 11. Calculate m(-7).
-3
Let b(u) = -6*u + 111. Give b(18).
3
Let m(o) = 2*o**2 + 2. What is m(2)?
10
Let t(s) = 2*s**3 + 11*s**2 + 8*s + 12. What is t(-5)?
-3
Let j(m) = -2*m - 4. Determine j(-5).
6
Let w(l) = -9*l - 272. Calculate w(-30).
-2
Let x(b) = -6*b - 19. Give x(11).
-85
Let t(j) = 10*j - 4. Calculate t(3).
26
Let o(b) = -36*b**3 + b**2 - b. Calculate o(1).
-36
Let y(w) = -w**2 + 46*w - 433. Calculate y(13).
-4
Let z(i) = 2*i - 5. Give z(5).
5
Let o(x) = -33*x - 347. Give o(-11).
16
Let s(d) = d**3 - 4*d**2 - 9*d + 16. Give s(5).
-4
Let x(u) = u**3 - u + 30. What is x(0)?
30
Let f(k) = k**2 - 5*k + 10. What is f(3)?
4
Let i(z) = -4*z - 23. Calculate i(-5).
-3
Let h(s) = -5*s + 23. Give h(9).
-22
Let y(o) = -19*o - 110. Give y(-5).
-15
Let c(w) = 27*w + 167. Give c(-6).
5
Let x(h) = -12*h + 58. Calculate x(6).
-14
Let m(l) = 17*l - 384. What is m(22)?
-10
Let g(x) = x**2 + 10*x + 4. Give g(-5).
-21
Let p(v) = -v**3 + 21*v**2 + 2*v - 34. What is p(21)?
8
Let f(h) = h**3 + 29*h**2 + 75*h - 63. Determine f(-26).
15
Let l(c) = c**2 + 8*c + 15. What is l(-5)?
0
Let g(t) = -5*t + 45. Calculate g(13).
-20
Let z(q) = q**2 + 3*q - 8. Calculate z(-6).
10
Let a(x) = -37*x + 72. What is a(2)?
-2
Let q(j) = 23*j - 240. Determine q(11).
13
Let w(g) = 3*g**2 - 6*g - 14. Calculate w(-5).
91
Let a(j) = -j**2 - 17*j - 2. Calculate a(-9).
70
Let u(j) = -2*j - 33. What is u(-19)?
5
Let z(s) = -s**3 - 6*s**2 - 6*s - 15. Determine z(-5).
-10
Let u(n) = 11*n**2 + n - 1. Determine u(1).
11
Let a(v) = -v**2 + 7*v + 23. Calculate a(9).
5
Let n(l) = -3*l**3 - 17*l**2 + 8*l - 6. Calculate n(-6).
-18
Let v(r) = -5*r**3 - 6*r**2 - 4*r + 2. Calculate v(-3).
95
Let m(k) = k**2 + 27*k + 19. What is m(-13)?
-163
Let t(l) = l**2 + 6*l. Determine t(-5).
-5
Let n(j) = -2*j + 49. Give n(22).
5
Let z(f) = 2*f**3 - 4*f**2 + 2*f + 1. Give z(1).
1
Let f(a) = a**2 + 22*a - 96. Calculate f(4).
8
Let r(f) = -f**2 - 8*f + 1006. Give r(-36).
-2
Let q(n) = -9*n. Determine q(-4).
36
Let l(t) = -10*t**2 - 329*t + 41. Give l(-33).
8
Let b(w) = -5*w**2 + 44*w - 10. Calculate b(7).
53
Let m(q) = q + 5. Calculate m(0).
5
Let g(x) = -x**2 + 9*x - 14. What is g(0)?
-14
Let h(g) = -7*g**2 + 3*g - 2. Determine h(3).
-56
Let l(x) = -x + 7. What is l(-3)?
10
Let x(q) = 5*q**2 + 385*q + 1. What is x(-77)?
1
Let d(w) = w**2 + 4*w + 3. Determine d(-3).
0
Let c(t) = t**2 + 6*t - 6. What is c(-7)?
1
Let r(s) = -10*s - 151. Give r(-12).
-31
Let n(v) = -v**2 - 12*v - 18. What is n(-8)?
14
Let b(f) = -f - 17. Give b(-21).
4
Let b(r) = -3*r - 10. Determine b(-7).
11
Let m(s) = -s**3 - 9*s**2 - 6*s - 11. What is m(-8)?
-27
Let k(j) = 2*j + 27. Calculate k(-14).
-1
Let d(f) = -f**2 + 6*f + 34. Calculate d(8).
18
Let n(a) = -a**2 + 49*a - 422. Give n(38).
-4
Let v(k) = k**2 - 5. Determine v(5).
20
Let i(o) = -o**3 - o**2 - 222. Give i(0).
-222
Let c(w) = -2*w**2 + 9*w + 1. Calculate c(5).
-4
Let b(d) = d**3 - 23*d**2 - 52*d + 41. Calculate b(25).
-9
Let g(m) = m**2 + 7*m + 20. Calculate g(-6).
14
Let p(a) = -a**3 + 3*a**2 - a - 2. Give p(4).
-22
Let f(l) = 22*l + 252. Determine f(-12).
-12
Let s(d) = -4*d + 5. Calculate s(1).
1
Let n(a) = -a**3 - 4*a**2 - 2*a + 4. Calculate n(-4).
12
Let m(x) = x**3 - 8*x**2 + 6*x - 16. Calculate m(7).
-23
Let f(u) = -8*u + 272. Determine f(33).
8
Let r(f) = 2*f**2 + 29*f + 18. Give r(-14).
4
Let c(u) = -u**2 + 44*u - 36. Determine c(44).
-36
Let x(h) = -h**3 + h**2 + 2*h - 7. Determine x(3).
-19
Let i(b) = b**3 - 10*b**2 + 7*b + 20. Calculate i(9).
2
Let k(f) = f**2 - 3*f + 9. Determine k(8).
49
Let p(t) = t**2 - 8*t - 42. What is p(-4)?
6
Let l(v) = 4*v**2 - 11*v + 3. Calculate l(3).
6
Let s(p) = p**2 + 17*p + 38. What is s(-15)?
8
Let p(o) = -14*o**3 - o**2 - o - 1. Determine p(-1).
13
Let q(f) = -3*f**2 + 14*f. Give q(6).
-24
Let t(b) = -3*b**2 + 52*b - 45. What is t(18)?
-81
Let h(g) = g**2 - 14*g + 8. Calculate h(16).
40
Let j(r) = -4*r**3 + 9*r**2 + 10. What is j(3)?
-17
Let i(q) = 2*q - 14. Determine i(0).
-14
Let k(m) = -3*m - 5. What is k(-4)?
7
Let i(v) = -2*v**2 + 3*v. Give i(-3).
-27
Let w(i) = -16*i - 34. Determine w(-4).
30
Let j(f) = f**2 - 5*f + 1. Give j(7).
15
Let u(z) = -z**3 - 21*z**2 + 2*z + 41. Give u(-21).
-1
Let w(m) = 38*m + 1. Give w(-1).
-37
Let m(l) = l**3 - 13*l**2 + 25*l - 32. What is m(11)?
1
Let d(s) = s**3 + 6*s**2 + 2*s + 6. What is d(-4)?
30
Let n(b) = b - 8. Give n(-6).
-14
Let j(i) = 6*i - 10. Give j(2).
2
Let c(k) = 41*k - 233. Determine c(6).
13
Let q(p) = p**3 + 13*p**2 + p + 14. Give q(-13).
1
Let k(g) = g**3 + 7*g**2 - 16*g + 27. Give k(-9).
9
Let z(y) = -2*y**2 + 39*y - 30. Calculate z(19).
-11
Let l(b) = b**3 - 17*b**2 + 17*b - 22. Determine l(16).
-6
Let j(v) = -v**3 + 6*v**2 - 7*v + 10. Give j(5).
0
Let w(m) = 13*m**2 + 4. Calculate w(-2).
56
Let r(x) = -6*x + 55. What is r(11)?
-11
Let y(x) = -x**2 + 12*x + 14. Determine y(8).
46
Let a(k) = k**3 + 5*k**2 - k - 3. Determine a(-6).
-33
Let b(u) = -18*u**2 + 11*u - 17. Calculate b(2).
-67
Let y(s) = s**3 + 34*s**2 - 2*s - 66. Give y(-34).
2
Let z(g) = -g**2 - 11*g. What is z(-10)?
10
Let l(k) = -k**2 + 8*k + 9. Determine l(-1).
0
Let z(u) = 3*u**2 - 8*u - 1. Give z(4).
15
Let f(v) = -v**3 - 6*v**2 + 3*v. What is f(-6)?
-18
Let m(b) = -10*b + 22. Calculate m(-7).
92
Let f(x) = x**3 + 36*x**2 - 2*x - 47. Determine f(-36).
25
Let q(z) = 2*z**2 + 2*z - 2. What is q(-2)?
2
Let q(h) = 6*h - 2. Determine q(-1).
-8
Let q(a) = a**2 - 7*a - 5. Give q(-1).
3
Let i(g) = -125*g - 382. Determine i(-3).
-7
Let n(o) = o**3 + 7*o**2 - 3*o + 2. Calculate n(-7).
23
Let w(b) = -b**3 - b**2 - 2*b - 7. Determine w(-3).
17
Let v(z) = z**2 - 25*z - 192. Give v(31).
-6
Let r(k) = -k**2 + 7. Give r(0).
7
Let r(u) = u - 4. What is r(-4)?
-8
Let y(x) = -x**3 - 13*x**2 + 11*x + 26. Give y(-14).
68
Let z(t) = -t**3 + 7*t**2 - 14*t + 2. Determine z(8).
-174
Let r(z) = -z**2 - 10*z - 15. Determine r(-9).
-6
Let v(s) = 5*s - 29. Calculate v(6).
1
Let u(a) = -a**3 - 17*a**2 + 12*a + 34. Determine u(-17).
-170
Let t(q) = -11*q + 96. Calculate t(7).
19
Let x(l) = 8*l - 381. Give x(48).
3
Let b(t) = -t**3 - 26*t**2 + 27*t - 37. Calculate b(-27).
-37
Let y(h) = h**3 - 13*h**2 - 27*h + 18. Calculate y(15).
63
Let x(n) = -n**2 - 2*n + 2. Give x(7).
-61
Let x(a) = -9*a - 110. Calculate x(-12).
-2
Let m(w) = w - 8. What is m(4)?
-4
Let n(z) = 3*z**3 - 2*z**2 - 4*z. Determine n(-2).
-24
Let h(b) = b**2 + 18*b + 19. Give h(-16).
-13
Let p(y) = 54*y - 1. What is p(-1)?
-55
Let j(f) = -18*f + 54. Give j(7).
-72
Let l(h) = -h**2 - 10*h - 12. What is l(-9)?
-3
Let j(h) = 5*h + 15. What is j(-7)?
-20
Let n(p) = p**3 + 11*p**2 + 2*p + 27. Give n(-11).
5
Let z(a) = -a**3 + 11*a + 8. Determine z(-5).
78
Let b(k) = k**3 - 2*k**2 - 4*k + 6. What is b(4)?
22
Let h(x) = -3*x**2 - 18*x - 1. Give h(-6).
-1
Let t(v) = v**2 - 7*v - 10. Determine t(-4).
34
Let o(l) = 2*l**3 - 6*l**2 - 3*l + 5. Determine o(3).
-4
Let a(w) = 30*w - 3. Give a(-2).
-63
Let h(v) = v**3 + 23*v**2 + 24*v + 51. What is h(-22)?
7
Let v(x) = -15*x**3 + x**2 - x - 1. Determine v(-1).
16
Let p(u) = -u**2 + u + 2. Give p(0).
2
Let o(k) = 55*k - 5. Give o(0).
-5
Let l(k) = -2*k**2 - 29*k - 37. What is l(-13)?
2
Let u(d) = d**3 + 7*d**2 + 9*d + 5. Give u(-6).
-13
Let t(p) = -2*p + 22. Calculate t(17).
-12
Let f(q) = q**3 + 6*q**2 + 4*q + 3. Calculate f(-6).
-21
Let n(l) = -l**2 + 24*l + 52. Determine n(25).
27
Let a(w) = 28*w**2 + 1. Determine a(1).
29
Let r(u) = u**3 - u**2 - 2. Calculate r(0).
-2
Let b(c) = -c - 23. Calculate b(-11).
-12
Let i(a) = 6*a**2 + 22*a - 9. Determine i(-4).
-1
Let f(h) = 2*h**2 - 10*h + 16. Determine f(9).
88
Let m(n) = -n**3 + 8*n**2 - 9*n + 7. What is m(7)?
-7
Let q(j) = -j**3 - 10*j**2 + 24*j + 23. What is q(-12)?
23
Let p(g) = g**3 - 13*g**2 - 14*g + 12. Determine p(14).
12
Let u(d) = -d**2 - 22*d - 109. Determine u(-7).
-4
Let t(a) = 2*a**2 - a + 8. Give t(6).
74
Let l(g) = g**3 - 16*g**2 - 5*g - 13. Determine l(16).
-93
Let r(j) = 3*j**2 - 3*j - 2. Determine